se 4*y = -3*d - 4, -2 + 6 = 4*d + 3*y. Suppose m + d = 3*m. Is n(m) composite?
True
Let c be ((-4 - -7) + 1 + -5)*95. Let t = c - -606. Is t prime?
False
Suppose -u + s = -0*u - 31, 5*u - 200 = -4*s. Let y = -17 + u. Is y a composite number?
False
Let w = 27 - 27. Let j be (-30)/15 - (-4 + w). Suppose 0 = -5*x - 4*f + 125, 2*x - 2*f - 100 = -j*x. Is x a composite number?
True
Let k = -751 - -1813. Suppose 878 = 4*r - k. Is r composite?
True
Let s be -4*((-42)/(-140))/((-12)/50). Suppose -3*z - 44 = -158. Suppose 3*j - s = y - 1, -3*y - j = -z. Is y prime?
True
Suppose 2*s + 5*m = m + 23142, -34757 = -3*s + 5*m. Is s prime?
True
Let f(r) = 910*r - 53. Is f(7) a prime number?
True
Let v = -3006 - -7625. Is v prime?
False
Suppose 0 = -3*w - 4*v + 5039, 0 = w - 18*v + 13*v - 1705. Is w a composite number?
True
Suppose -5*f + 10 = v - 2*v, -4*f + 3*v = 3. Is f - (12/(-36) - (-7246)/(-6)) prime?
False
Let b(l) = 61*l**2 - 17*l + 1. Is b(12) composite?
False
Let q be (18/8)/((-12)/32). Let h(p) = -p**2 - 4*p + 1. Let l be h(q). Let a = l - -18. Is a a composite number?
False
Let n(q) = q**2 + 8*q - 12. Let l be n(-9). Is 1761*(1 + -2*l/(-9)) a prime number?
True
Let h = -279 + 98. Let j(i) = -i**2 + 24*i + 14. Let v be j(22). Let o = v - h. Is o prime?
True
Suppose 5*s - 3*x + 4*x - 9787 = 0, 2*s + 3*x - 3920 = 0. Suppose 5*f - 2220 = -4*n + s, -4*n + 4167 = -5*f. Is n composite?
True
Let w be (-1 - 0) + (-13 - -14). Is (-6 - -425)*(w + 1) prime?
True
Let r(l) = -5*l**3 + 4*l - 2*l + 0*l + 2*l**2. Let o be r(2). Is 1996/28 - (-8)/o a prime number?
True
Let z(f) = 3*f - 2*f - 67*f**2 + 73*f**2 - 2*f. Let w be z(1). Suppose 503 = 4*x - 2*x + t, x = -w*t + 238. Is x prime?
False
Let i = 19 - 27. Let r(a) = -4*a**2 - 5*a - 3. Let g be r(4). Let w = i - g. Is w a prime number?
True
Let t = 3159 + -1884. Let x = t + -644. Is x prime?
True
Let a = 2425 + 498. Is a a composite number?
True
Suppose -r - 4 = 5*f + 18, 0 = 4*r + 3*f + 3. Suppose r*s = 17 + 4. Suppose 5*l = -2*n + 85, -4*l - s*n = -3*n - 56. Is l composite?
False
Suppose -26*r - 2*r + 229516 = 0. Is r a prime number?
False
Suppose 0 = 3*b - 4*n - 25, -b + 0*b - 2*n - 5 = 0. Suppose 0 = b*o - 4*o - 5. Is 670/25*o/(-2) a composite number?
False
Let u be (9 - 1812)/(0 - (-1 - -2)). Suppose -m = 148 - u. Is m a prime number?
False
Let n = 3616 - 2243. Is n composite?
False
Suppose -4*z = -11 - 33. Let w = z + -6. Is ((-20)/(-12))/w*633 composite?
False
Let j = 112 + 205. Let v = 170 + j. Is v a composite number?
False
Is -4*(4/(-1) - 638/8) prime?
False
Is 3 + 2 + 2364 + (2 - 0) a prime number?
True
Let j(u) = u**3 + 5*u**2 + 4*u + 2. Let h be j(-5). Let g = 13 + h. Let f = 9 - g. Is f prime?
False
Let o = 1472 - 207. Suppose -o = -13*q + 8*q. Is q composite?
True
Let m = 541 + 17482. Is m prime?
False
Let f be ((-2)/1)/((-5)/(-10)). Let m be (-1)/4*f + 443. Suppose 555 = 2*y + 3*y - 2*h, 3*h - m = -4*y. Is y composite?
True
Suppose s - 2*t - 965 = 0, 0*t - 2*t = -4*s + 3836. Suppose -3*a = -2*l - s, -a + 284 = -4*l - 45. Is a a composite number?
False
Let k(g) be the first derivative of 23*g**2/2 - 15*g + 4. Is k(6) prime?
False
Suppose -3*r + 82312 = 10*v - 8*v, -5*r = -2*v + 82328. Is v composite?
True
Suppose 6*k - 4*k = -3*n + 13637, 0 = 2*n + 6. Is k a prime number?
True
Let j be -4*6*(-5)/(-40). Let n be j/9 - 244/6. Let x = n - -243. Is x prime?
False
Let n(m) = -71*m**3 - 15*m - 21. Is n(-4) a composite number?
False
Suppose 8*r - 12*r + 744 = 0. Suppose -4*a + l - 3*l = 432, -5*a - 535 = 5*l. Let c = r + a. Is c composite?
True
Suppose 3*m + 5725 = -9*s + 10*s, 5*m = -2*s + 11494. Is s a prime number?
True
Is (-2814)/4*(1 - 25/15) a prime number?
False
Let u be (12/(-3))/(((-12)/9)/1). Let i = -11 - -72. Suppose u*d - 572 = i. Is d a prime number?
True
Suppose -109 = 4*q - 37. Is -1 + q/(-14) - 25221/(-49) a composite number?
True
Suppose -2*o - 3*o = -65. Let u = 13 - o. Is 145 - u - (-2)/(-1) prime?
False
Suppose -n + 2*a = 21, n - 3*a = -12 - 9. Let y = n - -730. Is y prime?
True
Is ((-104369518)/55)/(-11) - (-3)/(-5) composite?
True
Let t be 10/(6 - (2 + 2)). Let j(p) = 24*p**2 + 8*p - 3. Let v be j(-6). Suppose -t*q + 8*q - v = 0. Is q prime?
True
Let a be (11/1)/((-12)/(-36)). Suppose -5*o = -3*x - a + 446, x - 4*o = 133. Is x a prime number?
False
Let w(b) = 99*b + 10. Suppose -2*v + q = v - 27, 5*v + 3*q - 45 = 0. Let x be w(v). Suppose -3*i + 4*f = -x, 3*i + 377 = -f + 1303. Is i a composite number?
False
Let j = 67 - 47. Is -1 + 3 + 33 + j a composite number?
True
Suppose -4*c - 4*f = -16, 0 = 3*f - 2 - 13. Let j be c + 3 - (41 + 1). Is (-2)/8 + (-7410)/j a prime number?
False
Let l(a) = -5 + 14 + 908*a + 1128*a. Is l(1) a prime number?
False
Let r = 1380 - -1223. Is r a composite number?
True
Suppose -23 = l - 69. Let i = l - 29. Let s = 54 - i. Is s a prime number?
True
Let d be 12/(-3*(-4)/(-12)). Let k be (-8)/(-5)*(-30)/d. Is 238 + 1 - k - -2 a composite number?
True
Let y(m) = -6581*m**3 + 9*m**2 + 11*m + 2. Is y(-1) a prime number?
True
Let r(i) = 5*i**2 + 19*i - 11. Let y(g) = -5*g**2 - 20*g + 10. Let s(f) = 3*r(f) + 2*y(f). Is s(-12) prime?
True
Let f(x) = -x**3 - 3*x**2 + 2*x + 3. Let y be f(-3). Let z = 8 + y. Suppose -4*w = -z*w + 3*s + 124, -254 = -2*w + 4*s. Is w a composite number?
True
Let t = 129202 + -57475. Is t a composite number?
True
Suppose 3*o - 1812 = 5*o. Let w = 1573 + o. Is w a prime number?
False
Let s(x) = -26*x**2 - x + 8. Let r be s(-6). Let z = r - -1307. Suppose 0 = -5*d - 0 + z. Is d composite?
True
Let g = -15 - -17. Let h be (3*g)/(14/21). Let z(x) = 20*x - 17. Is z(h) composite?
False
Let p be 8/(-6) + (-171)/(-27). Let o(m) = -1. Let w(v) = 38*v + 7. Let c(d) = 6*o(d) + w(d). Is c(p) prime?
True
Let p(u) = u**3 - 6*u**2 - 7*u - 3. Let m be p(7). Let f = 0 - m. Suppose 149 = f*j - 118. Is j a prime number?
True
Let f(c) = 23*c**3 + 3*c**2 - 4*c - 1. Let i be f(2). Suppose 0 = 5*k, 2*k = q - 2*k - i. Is q prime?
False
Let g(d) = -63*d + 13. Let o(z) = 22*z**2 - 3*z - 2. Let r be o(-1). Let h = -29 + r. Is g(h) composite?
True
Let m(f) = -5*f**2 + 4*f - 838*f**3 + 839*f**3 + 1 + 1 - 1. Suppose p - 19 = -2*n - 3, -5*n = 3*p - 41. Is m(n) a composite number?
False
Suppose 14*t + 8 = 18*t. Let b = -34 + 84. Suppose -g - 61 = -4*o - t*g, 3*o = -5*g + b. Is o a composite number?
True
Let u = -300 + 1517. Is u a composite number?
False
Let r be 17 - (3 - 8) - (-6)/3. Suppose 5585 = -r*z + 29*z. Is z prime?
True
Let o be (-32)/(-112) - 163/7. Let n(l) = -l**3 - 22*l**2 + 14*l + 14. Is n(o) composite?
True
Suppose 18*y = 61299 + 56367. Is y a composite number?
True
Let o = 3217 - 136. Let x = o + -1987. Is x composite?
True
Suppose -1424 = -k + 819. Is k a composite number?
False
Is 2/(-16) - (-95667)/88 prime?
True
Is (-3 - (-5092)/2)/1 composite?
False
Let n be 4/((-1)/(25/(-10))). Suppose -n*b = -6*b - 12. Suppose -3030 = -b*t - 3. Is t a composite number?
False
Is (-1041275)/(-150) - 10/12 prime?
False
Suppose 5*q - 4*q = -2*v + 10695, -5*q + 4*v + 53419 = 0. Is q prime?
True
Suppose -20 = 5*d, -2*d + 0*d - 23 = -j. Let k be 13 + 2 - j/(-5). Suppose -2*l - 5*i + 312 = 0, 5*i + 153 = l - k. Is l a composite number?
True
Let s(y) = -5*y**2 + 2. Let d be s(2). Let h = 20 + d. Suppose -h*a + 2*n = -76, -n - 46 = -4*a + 103. Is a composite?
False
Suppose -j - 4*h + 2*h = -31585, 0 = 5*j - 3*h - 157912. Is j a composite number?
False
Let i(n) = 89*n**2 + 9. Let w be i(4). Suppose 0 = 3*p + 2*c - w, 3*p + c = 3*c + 1453. Is p prime?
False
Let k(i) = -210*i - 307. Is k(-5) composite?
False
Let f = -1 + 5. Suppose 1182 = f*c - 1942. Is c a prime number?
False
Let k = 36 + -24. Suppose k*s - 15*s = 417. Is (-6 + 8)*s/(-2) a composite number?
False
Suppose -o = 5*c + 2*o - 257, 139 = 3*c - 2*o. Let f be 0/(1/((-3)/6)). Suppose -w + 2*w - c = f. Is w a composite number?
True
Let r = -5355 + 17938. Is r a prime number?
True
Is -3 - 176462/(-169) - 4/26 a prime number?
False
Suppose 18*s - 15*s - 49143 = -2*q, 2*s - 5*q = 32762. Is s composite?
False
Let f = 15 - 10. Suppose -1589 = f*s - b + 3*b, 2*b = 4*s + 1282. Let k = -216 - s. Is k composite?
False
Suppose 0 = -5*p - 4*l - 7, -2*p - p - 3*l - 6 = 0. Let m = -2 - -4. Is (p + 0)/(m/382) a composite numb